of x?
521
Let b = -28 + -4. Let d = b - -32. Suppose -6*k = -d*k - 498. What are the prime factors of k?
83
Let j(f) = f**3 + 10*f**2 - 22*f + 12. Let y be j(-12). Let s be (-5283)/(-4) + (-4 - -1)/y. Suppose 13*k - 460 = s. What are the prime factors of k?
137
Suppose 66*b - 61578 = 63*b + m, b - 3*m = 20526. What are the prime factors of b?
2, 3, 11, 311
Suppose 0 = -5*j + 2*i + 23, 5*i - 4 = -24. Suppose 0 = 5*n + 4*k + 51, 0 = -0*n + j*n + 4*k + 29. List the prime factors of (-831)/(-33) + 2/n.
5
Let y(a) = -31*a + 136. Let z(r) = 13*r - 144. Let i be z(10). What are the prime factors of y(i)?
2, 3, 5, 19
Let c(f) = -25*f - 5. Let j be c(-1). Let s(m) = 0*m**2 - 1913*m + 1936*m - m**2 - 34. What are the prime factors of s(j)?
2, 13
Suppose -129*u = 3*r - 133*u - 228601, -3*u - 228606 = -3*r. List the prime factors of r.
76207
Suppose 0 = 51*a - 58*a + 483. Suppose 5*t = -3*w + 546, -222 = -2*t - w - 2*w. Let q = t - a. List the prime factors of q.
3, 13
Let s(d) = -d**2 + 7*d. Let g be s(8). Let r be 1/g*2 - (-1096)/32. Suppose -r = -2*p - 8. List the prime factors of p.
13
Let f(d) = -5*d - 5. Let w(s) = -1. Let v(b) = -f(b) + 20*w(b). Let z be v(-6). Let o = 56 + z. List the prime factors of o.
11
Let v(c) = -3010*c**3 - 13*c**2 - 17*c. List the prime factors of v(-2).
2, 53, 227
Suppose u = 4*t - u - 2078, -2614 = -5*t - 3*u. Suppose -4*f = -0*f - 12, 4*h - f - t = 0. Let k = h - 50. List the prime factors of k.
3
Let b(y) = 4*y**2 - 9*y + 56. List the prime factors of b(19).
3, 443
What are the prime factors of ((-28075)/(-20) + -20)/(1 + (-9)/12)?
3, 5, 41
Let k(x) = x**2 - 345*x - 89. List the prime factors of k(-22).
5, 1597
Suppose -5*t = -5, 2*u - t + 7 = 2*t. Let m(w) = -565*w - 20. What are the prime factors of m(u)?
2, 3, 5, 37
Suppose -86*u = 33*u - 855005 - 3177905. List the prime factors of u.
2, 5, 3389
What are the prime factors of (21 - (23 - 2863)) + (-24)/3?
3, 317
Let g(u) = -8*u + 96. Let k(f) = -3. Let c(a) = 4*g(a) + 32*k(a). List the prime factors of c(-7).
2
Suppose -3*q - 3*g + 19366 = -3482, 2*q - 15220 = -5*g. What are the prime factors of q?
2, 3, 5, 127
Let o = -913 - -963. Let a be (-2)/(-3) - (-44)/(-3). Let t = o + a. List the prime factors of t.
2, 3
Let v(b) = b**3 + 3*b**2 - 22*b - 26. Let y be v(-6). What are the prime factors of (323/y - -1)/(36/(-72))?
3, 107
Let l(u) = 154*u + 80. Let q be l(6). Suppose 3*n + 3*m + q = 4*n, 4*n - 2*m = 4066. What are the prime factors of n?
1019
Let c(j) = 624*j**2 - 140*j - 7. List the prime factors of c(-3).
6029
Let l(u) = u**3 - u**2 + u - 2. Let q be l(2). Let z(i) = -8*i**2 + q*i**2 + 5*i**2 - 3 + 1. List the prime factors of z(-7).
47
Let s be (-9)/(-2)*(-26)/(-1). Suppose -2013*p + 20 = -2003*p. Suppose 5*z - 615 = -5*x, -p*z + 4*x + 123 = -s. What are the prime factors of z?
2, 61
Let a = 6 - 3. Suppose -a*y = -5*g + 181, 3*g - 7*g = 5*y - 167. Let n = 47 + g. List the prime factors of n.
5, 17
Suppose -5*c + x + 443 = 0, 0 = -4*c + 8*x - 3*x + 367. Suppose 77*n + 10472 = c*n. List the prime factors of n.
2, 7, 17
Let z be (18/(-2))/((-3)/3). Suppose -z*l + 34 + 2 = 0. Suppose -2*k - 51 = -l*r - 285, 2*r = -3*k + 375. List the prime factors of k.
3, 41
Suppose -538451 = -49*c - 196774. List the prime factors of c.
19, 367
Let k be (17/2)/((-2)/(-4)). Let l = 21 - k. Suppose -3*h - l*n = -3*n - 143, 3*n = 2*h - 99. List the prime factors of h.
2, 3
Let m = -46 + 50. Suppose -5*k - 2*c + 127 = -6*c, m*c = 8. Let d = 77 - k. What are the prime factors of d?
2, 5
Let z(c) = -5*c**3 - 8*c**2 + c - 45. List the prime factors of z(-20).
3, 5, 31, 79
Let f be 70/(-3)*108/(-45). Suppose -6*b = -f - 22. List the prime factors of b.
13
Let g(p) = 28*p**2 + 59*p + 147. What are the prime factors of g(-15)?
2, 3, 103
Let p(a) = 91*a - 42. Let x be p(7). Suppose -4*m = 2*n + x - 1709, 0 = -5*n + m + 2796. List the prime factors of n.
13, 43
Let v = -48 + 89. Let w = v + -39. What are the prime factors of 126 + 4 + (1 - w)?
3, 43
Suppose 0 = 13*p - 105 + 14. Let h(d) = 10*d - 2. Let k be h(2). Let c = p + k. What are the prime factors of c?
5
Suppose 3*t - m - 3500 = 0, -6*m - 3 = -9*m. What are the prime factors of t?
3, 389
Let v(r) = -r**3 - 6*r**2 + 13*r + 14. Let i(u) = 17*u + 21. Let p be i(-9). Let a be 1/(p/(-270) - (-3)/(-5)). List the prime factors of v(a).
2, 5, 7
Let m(l) = 425*l**2 + 46*l + 147. What are the prime factors of m(-4)?
6763
Let z = 542 - 2178. Let y = z - -2413. List the prime factors of y.
3, 7, 37
Let w = -36 + 20. Let f be 3/(-2) + (-24)/w - 1. What are the prime factors of (6/(-9))/(862/(-858) - f)?
11, 13
List the prime factors of 5/((-180)/(-308708)) + 4 - (-34)/(-153).
23, 373
Let c(p) = 2*p**3 + 3*p**2 - p - 1. Let n be c(2). Suppose n = z - 5*y, 2*z + 2*y - 34 = -2*z. Suppose -2*h + 50 = z. What are the prime factors of h?
2, 5
Suppose -21*v + 8*v + 12*v + 14147 = 0. What are the prime factors of v?
7, 43, 47
Let h(c) = 39*c**2 + 12*c - 643. What are the prime factors of h(-21)?
2, 1019
Suppose -4*f + 0*f + 58 = 3*v, -5*f + 5*v + 55 = 0. Suppose -f*i + 15*i = 570. Suppose g = -0*g + d + 51, 5*g + 5*d - i = 0. What are the prime factors of g?
2, 3
Let s(g) = 3*g**3 + 28*g**2 + 11*g + 91. What are the prime factors of s(12)?
9439
Suppose 10*k + 45 = 19*k. Suppose 5*s = -t + 1364, 8*s + 4*t = k*s + 815. What are the prime factors of s?
3, 7, 13
Suppose -2*x = -0*o - 2*o - 8, 6 = 3*x - o. List the prime factors of (302 - -5)*x*1.
307
Let n be 7 + -8 + (1 - -162). Suppose 148*t + 8204 = n*t. List the prime factors of t.
2, 293
Let d = -168 + 162. What are the prime factors of (-4)/(-10) - d/15*919?
2, 23
Suppose -2948*u + 2920*u = 53143 - 172647. What are the prime factors of u?
2, 11, 97
Let i = 54 - 52. Suppose 0 = 5*l - 10, -3*l - 60 = i*f - 1026. Suppose -f = -8*g + 2*g. What are the prime factors of g?
2, 5
Let h = -6 + 13. Let i be ((-3088)/32 + 26)/(3/(-16)). Suppose 0 = -u - h*u + i. What are the prime factors of u?
47
Suppose -2*b = 3*d - 255, -4*d = 6 - 2. Let h be b/(-1 - (-14)/8) + 1. List the prime factors of (-2)/((-42)/(-9) - 4) + h.
2, 5, 17
List the prime factors of 30/(-20) - (-128277)/4 - (-126)/(-168).
3, 7, 509
Let m be 1*3410/4*40/(-50). Let s = m - -1176. What are the prime factors of s?
2, 13, 19
Let f(q) = 12*q**2 - 1488*q + 952. What are the prime factors of f(158)?
2, 13, 17, 37
Let i(g) = 2*g**3 - 6*g**2 - 6. Let z be i(5). Let c = z + -87. What are the prime factors of ((-9)/3)/(c/(-399))?
3, 19
Let x(j) = -152*j**3 - 41*j**2 - 36*j + 17. What are the prime factors of x(-7)?
2, 43, 293
Suppose 76020 = 753*u - 723*u. What are the prime factors of u?
2, 7, 181
What are the prime factors of (-4)/(-30) - 11305140/(-1575)?
2, 37, 97
Let r(y) be the first derivative of 5*y**2 - 16*y - 4. Let n be r(7). Suppose 3*t + 6*t = n. List the prime factors of t.
2, 3
Suppose 0 = 176*b + 120*b - 2343432. What are the prime factors of b?
3, 7, 13, 29
Let i be 2/11 + ((-12615)/(-11) - -3). Suppose c = -c + i. Suppose 11*y - c = -124. What are the prime factors of y?
41
Suppose -u = 3*x - 96164 - 53752, -5*u = -5*x + 249820. What are the prime factors of x?
2, 5, 19, 263
Let a = -159 - -283. Let n be (17 - 16)/((-2)/110). Let i = a + n. List the prime factors of i.
3, 23
Let w = 13 - -144. Let k be ((-22)/6)/((-1)/(-30)). Let g = k + w. List the prime factors of g.
47
Let m(s) = -8744*s + 6741. List the prime factors of m(-6).
3, 5, 3947
Let t be (-99)/(-27) - 2/3. Suppose -3*n + 129 = 4*k, -k + 2*n = -n - 51. Suppose 2*d = t*b + 107, 3*d - 193 = b - k. List the prime factors of d.
2, 13
Let p(q) = q**2 + 1. Let f(u) = -18*u**2 + 16*u - 26. Let c(i) = -f(i) - 4*p(i). List the prime factors of c(5).
2, 73
Let l(w) = -2861*w - 1577. What are the prime factors of l(-6)?
7, 17, 131
Let c(u) = -9*u - 6. Let y(z) be the third derivative of z**4/24 + 2*z**3/3 + 27*z**2. Let g be y(-10). What are the prime factors of c(g)?
2, 3
Suppose 7*x - 5*k = 6*x + 33, -2*k = 5*x - 30. What are the prime factors of (-210)/x*(3 + 339/(-9))?
2, 5, 7, 13
Let c(w) = 3*w**2 + 35*w**2 - 2*w**3 + 39*w**2 + 42 - 13*w**2 + 78*w. What are the prime factors of c(33)?
2, 3, 73
Suppose -2*x = -2*t + 254, -5*t = -4*x - 372 - 136. Let f be x - (-2 + (-4)/(-4)). 